[INFO] fetching crate pin-project 0.4.23...
[INFO] checking pin-project-0.4.23 against master#af3c6e733a40e671550e0f0f5aeecaa13772ba56 for pr-74989
[INFO] extracting crate pin-project 0.4.23 into /workspace/builds/worker-5/source
[INFO] validating manifest of crates.io crate pin-project 0.4.23 on toolchain af3c6e733a40e671550e0f0f5aeecaa13772ba56
[INFO] running `Command { std: "/workspace/cargo-home/bin/cargo" "+af3c6e733a40e671550e0f0f5aeecaa13772ba56" "read-manifest" "--manifest-path" "Cargo.toml", kill_on_drop: false }`
[INFO] started tweaking crates.io crate pin-project 0.4.23
[INFO] finished tweaking crates.io crate pin-project 0.4.23
[INFO] tweaked toml for crates.io crate pin-project 0.4.23 written to /workspace/builds/worker-5/source/Cargo.toml
[INFO] crate crates.io crate pin-project 0.4.23 already has a lockfile, it will not be regenerated
[INFO] running `Command { std: "/workspace/cargo-home/bin/cargo" "+af3c6e733a40e671550e0f0f5aeecaa13772ba56" "fetch" "--locked" "--manifest-path" "Cargo.toml", kill_on_drop: false }`
[INFO] running `Command { std: "docker" "create" "-v" "/var/lib/crater-agent-workspace/builds/worker-5/target:/opt/rustwide/target:rw,Z" "-v" "/var/lib/crater-agent-workspace/builds/worker-5/source:/opt/rustwide/workdir:ro,Z" "-v" "/var/lib/crater-agent-workspace/cargo-home:/opt/rustwide/cargo-home:ro,Z" "-v" "/var/lib/crater-agent-workspace/rustup-home:/opt/rustwide/rustup-home:ro,Z" "-e" "SOURCE_DIR=/opt/rustwide/workdir" "-e" "CARGO_TARGET_DIR=/opt/rustwide/target" "-e" "CARGO_HOME=/opt/rustwide/cargo-home" "-e" "RUSTUP_HOME=/opt/rustwide/rustup-home" "-w" "/opt/rustwide/workdir" "-m" "1610612736" "--user" "0:0" "--network" "none" "rustops/crates-build-env@sha256:d92eaeed33fa75130ca1ee6c8a01d1ffb62bac859dfdfb3450e3e5d1c0146529" "/opt/rustwide/cargo-home/bin/cargo" "+af3c6e733a40e671550e0f0f5aeecaa13772ba56" "metadata" "--no-deps" "--format-version=1", kill_on_drop: false }`
[INFO] [stderr] WARNING: Your kernel does not support swap limit capabilities or the cgroup is not mounted. Memory limited without swap.
[INFO] [stdout] 5696978f2d288f5e15444c3426441d0345294ef8ffd026a3b532adad30444d3d
[INFO] running `Command { std: "docker" "start" "-a" "5696978f2d288f5e15444c3426441d0345294ef8ffd026a3b532adad30444d3d", kill_on_drop: false }`
[INFO] running `Command { std: "docker" "inspect" "5696978f2d288f5e15444c3426441d0345294ef8ffd026a3b532adad30444d3d", kill_on_drop: false }`
[INFO] running `Command { std: "docker" "rm" "-f" "5696978f2d288f5e15444c3426441d0345294ef8ffd026a3b532adad30444d3d", kill_on_drop: false }`
[INFO] [stdout] 5696978f2d288f5e15444c3426441d0345294ef8ffd026a3b532adad30444d3d
[INFO] running `Command { std: "docker" "create" "-v" "/var/lib/crater-agent-workspace/builds/worker-5/target:/opt/rustwide/target:rw,Z" "-v" "/var/lib/crater-agent-workspace/builds/worker-5/source:/opt/rustwide/workdir:ro,Z" "-v" "/var/lib/crater-agent-workspace/cargo-home:/opt/rustwide/cargo-home:ro,Z" "-v" "/var/lib/crater-agent-workspace/rustup-home:/opt/rustwide/rustup-home:ro,Z" "-e" "SOURCE_DIR=/opt/rustwide/workdir" "-e" "CARGO_TARGET_DIR=/opt/rustwide/target" "-e" "CARGO_INCREMENTAL=0" "-e" "RUST_BACKTRACE=full" "-e" "RUSTFLAGS=--cap-lints=forbid" "-e" "CARGO_HOME=/opt/rustwide/cargo-home" "-e" "RUSTUP_HOME=/opt/rustwide/rustup-home" "-w" "/opt/rustwide/workdir" "-m" "1610612736" "--user" "0:0" "--network" "none" "rustops/crates-build-env@sha256:d92eaeed33fa75130ca1ee6c8a01d1ffb62bac859dfdfb3450e3e5d1c0146529" "/opt/rustwide/cargo-home/bin/cargo" "+af3c6e733a40e671550e0f0f5aeecaa13772ba56" "check" "--frozen" "--all" "--all-targets" "--message-format=json", kill_on_drop: false }`
[INFO] [stderr] WARNING: Your kernel does not support swap limit capabilities or the cgroup is not mounted. Memory limited without swap.
[INFO] [stdout] 340b09235e2e1cf8467defc3201385c7859ff038a136933e2a2ea89b6fb15d2f
[INFO] running `Command { std: "docker" "start" "-a" "340b09235e2e1cf8467defc3201385c7859ff038a136933e2a2ea89b6fb15d2f", kill_on_drop: false }`
[INFO] [stderr]    Compiling unicode-xid v0.2.1
[INFO] [stderr]    Compiling syn v1.0.35
[INFO] [stderr]    Compiling pin-project-internal v0.4.23
[INFO] [stderr]    Compiling proc-macro2 v1.0.19
[INFO] [stderr]    Compiling quote v1.0.7
[INFO] [stderr]     Checking pin-project v0.4.23 (/opt/rustwide/workdir)
[INFO] [stdout] error[E0433]: failed to resolve: use of undeclared type or module `rustversion`
[INFO] [stdout]  --> tests/compiletest.rs:3:3
[INFO] [stdout]   |
[INFO] [stdout] 3 | #[rustversion::attr(not(nightly), ignore)]
[INFO] [stdout]   |   ^^^^^^^^^^^ use of undeclared type or module `rustversion`
[INFO] [stdout] 
[INFO] [stdout] 
[INFO] [stdout] error[E0433]: failed to resolve: use of undeclared type or module `trybuild`
[INFO] [stdout]  --> tests/compiletest.rs:6:13
[INFO] [stdout]   |
[INFO] [stdout] 6 |     let t = trybuild::TestCases::new();
[INFO] [stdout]   |             ^^^^^^^^ use of undeclared type or module `trybuild`
[INFO] [stdout] 
[INFO] [stdout] 
[INFO] [stdout] error: aborting due to 2 previous errors
[INFO] [stdout] 
[INFO] [stdout] 
[INFO] [stdout] For more information about this error, try `rustc --explain E0433`.
[INFO] [stdout] 
[INFO] [stderr] error: could not compile `pin-project`.
[INFO] [stderr] 
[INFO] [stderr] To learn more, run the command again with --verbose.
[INFO] [stderr] warning: build failed, waiting for other jobs to finish...
[INFO] [stdout] error[E0433]: failed to resolve: use of undeclared type or module `rustversion`
[INFO] [stdout]    --> tests/pinned_drop.rs:186:3
[INFO] [stdout]     |
[INFO] [stdout] 186 | #[rustversion::since(1.40)] // https://github.com/rust-lang/rust/pull/64690
[INFO] [stdout]     |   ^^^^^^^^^^^ use of undeclared type or module `rustversion`
[INFO] [stdout] 
[INFO] [stdout] 
[INFO] [stdout] error[E0433]: failed to resolve: use of undeclared type or module `rustversion`
[INFO] [stdout]    --> tests/pinned_drop.rs:155:3
[INFO] [stdout]     |
[INFO] [stdout] 155 | #[rustversion::since(1.37)] // type_alias_enum_variants requires Rust 1.37
[INFO] [stdout]     |   ^^^^^^^^^^^ use of undeclared type or module `rustversion`
[INFO] [stdout] 
[INFO] [stdout] 
[INFO] [stdout] error: cannot determine resolution for the attribute macro `pin_project`
[INFO] [stdout]    --> tests/pinned_drop.rs:192:7
[INFO] [stdout]     |
[INFO] [stdout] 192 |     #[pin_project(PinnedDrop)]
[INFO] [stdout]     |       ^^^^^^^^^^^
[INFO] [stdout]     |
[INFO] [stdout]     = note: import resolution is stuck, try simplifying macro imports
[INFO] [stdout] 
[INFO] [stdout] 
[INFO] [stdout] error: cannot determine resolution for the attribute macro `pinned_drop`
[INFO] [stdout]    --> tests/pinned_drop.rs:197:7
[INFO] [stdout]     |
[INFO] [stdout] 197 |     #[pinned_drop]
[INFO] [stdout]     |       ^^^^^^^^^^^
[INFO] [stdout]     |
[INFO] [stdout]     = note: import resolution is stuck, try simplifying macro imports
[INFO] [stdout] 
[INFO] [stdout] 
[INFO] [stdout] error: cannot determine resolution for the attribute macro `pin_project`
[INFO] [stdout]    --> tests/pinned_drop.rs:161:7
[INFO] [stdout]     |
[INFO] [stdout] 161 |     #[pin_project(PinnedDrop)]
[INFO] [stdout]     |       ^^^^^^^^^^^
[INFO] [stdout]     |
[INFO] [stdout]     = note: import resolution is stuck, try simplifying macro imports
[INFO] [stdout] 
[INFO] [stdout] 
[INFO] [stdout] error: cannot determine resolution for the attribute macro `pinned_drop`
[INFO] [stdout]    --> tests/pinned_drop.rs:167:7
[INFO] [stdout]     |
[INFO] [stdout] 167 |     #[pinned_drop]
[INFO] [stdout]     |       ^^^^^^^^^^^
[INFO] [stdout]     |
[INFO] [stdout]     = note: import resolution is stuck, try simplifying macro imports
[INFO] [stdout] 
[INFO] [stdout] 
[INFO] [stdout] error[E0405]: cannot find trait `PinnedDrop` in this scope
[INFO] [stdout]    --> tests/pinned_drop.rs:168:10
[INFO] [stdout]     |
[INFO] [stdout] 168 |     impl PinnedDrop for Enum {
[INFO] [stdout]     |          ^^^^^^^^^^ not found in this scope
[INFO] [stdout]     |
[INFO] [stdout] help: consider importing this trait
[INFO] [stdout]     |
[INFO] [stdout] 3   | use pin_project::__private::PinnedDrop;
[INFO] [stdout]     |
[INFO] [stdout] 
[INFO] [stdout] 
[INFO] [stdout] error[E0405]: cannot find trait `PinnedDrop` in this scope
[INFO] [stdout]    --> tests/pinned_drop.rs:198:10
[INFO] [stdout]     |
[INFO] [stdout] 198 |     impl PinnedDrop for Struct {
[INFO] [stdout]     |          ^^^^^^^^^^ not found in this scope
[INFO] [stdout]     |
[INFO] [stdout] help: consider importing this trait
[INFO] [stdout]     |
[INFO] [stdout] 3   | use pin_project::__private::PinnedDrop;
[INFO] [stdout]     |
[INFO] [stdout] 
[INFO] [stdout] 
[INFO] [stdout] error: aborting due to 8 previous errors
[INFO] [stdout] 
[INFO] [stdout] 
[INFO] [stdout] Some errors have detailed explanations: E0405, E0433.
[INFO] [stdout] 
[INFO] [stdout] For more information about an error, try `rustc --explain E0405`.
[INFO] [stdout] 
[INFO] [stdout] error[E0433]: failed to resolve: use of undeclared type or module `rustversion`
[INFO] [stdout]   --> tests/project.rs:10:3
[INFO] [stdout]    |
[INFO] [stdout] 10 | #[rustversion::since(1.43)]
[INFO] [stdout]    |   ^^^^^^^^^^^ use of undeclared type or module `rustversion`
[INFO] [stdout] 
[INFO] [stdout] 
[INFO] [stdout] error: aborting due to previous error
[INFO] [stdout] 
[INFO] [stdout] 
[INFO] [stdout] For more information about this error, try `rustc --explain E0433`.
[INFO] [stdout] 
[INFO] [stderr] error: build failed
[INFO] running `Command { std: "docker" "inspect" "340b09235e2e1cf8467defc3201385c7859ff038a136933e2a2ea89b6fb15d2f", kill_on_drop: false }`
[INFO] running `Command { std: "docker" "rm" "-f" "340b09235e2e1cf8467defc3201385c7859ff038a136933e2a2ea89b6fb15d2f", kill_on_drop: false }`
[INFO] [stdout] 340b09235e2e1cf8467defc3201385c7859ff038a136933e2a2ea89b6fb15d2f
